{"id":699,"date":"2013-10-14T11:47:21","date_gmt":"2013-10-14T09:47:21","guid":{"rendered":"https:\/\/www.burgmannskapelle-haseluenne.de\/?page_id=699"},"modified":"2018-11-06T16:06:08","modified_gmt":"2018-11-06T15:06:08","slug":"presse","status":"publish","type":"page","link":"https:\/\/www.burgmannskapelle-haseluenne.de\/?page_id=699","title":{"rendered":"Presseartikel"},"content":{"rendered":"<p>Artikel aus dem Hasel\u00fcnner Stadtgespr\u00e4ch vom 13.11.2018<\/p>\n<p>Bitte<span style=\"text-decoration: underline;\"><a href=\"https:\/\/www.burgmannskapelle-haseluenne.de\/wp-content\/uploads\/2013\/10\/Burgmannskapelle-Stadtgespr\u00e4ch1.pdf\">HIER <\/a><\/span>klicken!!!<\/p>\n<p>&nbsp;<\/p>\n<p>&nbsp;<\/p>\n<p>Artikel aus der Meppener Tagespost vom 30.07.2015:<\/p>\n<h2><strong><span style=\"text-decoration: underline;\"><span style=\"font-size: medium;\">Hasel\u00fcnner Musiker spenden 2000 Euro an die Tafel<\/span><\/span><\/strong><\/h2>\n<div id=\"article\">\n<div><img decoding=\"async\" loading=\"lazy\" class=\"alignleft\" title=\"Bei der Spenden\u00fcbergabe: Kurt K\u00fcpker (4.v.l.) und Gerd Schoon (5. v.l.) von der Tafel und die Musiker (v. l.) Dirk Schnieders, G\u00fcnther Dittmann, Norbert Ostermann, Christoph Schmidt, Julia Talken und Thomas Tensing.Foto: Diers\" src=\"http:\/\/www.noz-cdn.de\/media\/2015\/07\/30\/has-spende224_full_1.jpg\" alt=\"Bei der Spenden\u00fcbergabe: Kurt K\u00fcpker (4.v.l.) und Gerd Schoon (5. v.l.) von der Tafel und die Musiker (v. l.) Dirk Schnieders, G\u00fcnther Dittmann, Norbert Ostermann, Christoph Schmidt, Julia Talken und Thomas Tensing.Foto: Diers\" width=\"396\" height=\"257\" \/><strong>Die Hasel\u00fcnner Tafel mit Sitz am Industrieweg im Industriegebiet Hammer Tannen hat von der Burgmannskapelle Alt-Hasel\u00fcnne und dem Spielmannszug Hasel\u00fcnne-West eine Spende von 2000 Euro erhalten.<\/strong><\/div>\n<div id=\"content-jump-to\">\n<p>\u201eDas Geld k\u00f6nnen wir gut gebrauchen\u201c, sagte Gerd Schoon, Leiter der Hasel\u00fcnner Tafel, bei der \u00dcbergabe. Mit dem Geld k\u00f6nne man die Dieselkosten f\u00fcr den Transporter, mit dem der Verein die Waren w\u00f6chentlich von insgesamt 45 festen Spendern, vom kleinen B\u00e4cker, Bauern bis hin zu gro\u00dfen Discountern abholt, eine ganze Zeit bestreiten. Mit gro\u00dfer Dankbarkeit nahm Schoon gemeinsam mit Kurt K\u00fcpker, einem der insgesamt 43 ehrenamtlichen Helfer der Hasel\u00fcnner Tafel, den Scheck entgegen.<\/p>\n<p>Die Hasel\u00fcnner Tafel kooperiere eng mit den gleichnamigen Einrichtungen in Lingen, Cloppenburg und Meppen, berichtete der Leiter. Erstmals in der Geschichte der Stadt hatten beide Musikkapellen am 9. Mai am \u201eHaus der Gemeinschaft\u201c in Hasel\u00fcnne-West eine gemeinsame Spendenaktion mit einem Konzert unter dem Titel \u201eHasel\u00fcnner Tafelmusik\u201c durchgef\u00fchrt. Die Mitglieder beider Vereine und einige Sponsoren haben Kaffee, Tee, Kuchen und Getr\u00e4nke gespendet.<\/p>\n<p style=\"text-align: left;\"><span style=\"font-size: small;\"><strong>Reinerl\u00f6s von 1650 Euro aufgestockt<\/strong><\/span><strong>.<\/strong><\/p>\n<p><strong><\/strong>\u201eInsgesamt blieb ein Reinerl\u00f6s von 1650 Euro \u00fcber, den die Kapellen auf 2000 Euro aufstockten\u201c, erl\u00e4uterte Friedrich Berentzen von der Burgmannskapelle . Bei dem Freiluftkonzert war die \u201eHasel\u00fcnner Tafel\u201c mit einem Infostand vertreten. Ein positiver Effekt der Veranstaltung am 9. Mai sei auch gewesen, dass unter den beiden Kapellen ein v\u00f6llig neues Gemeinschaftgef\u00fchl entstanden sei. \u201eDas war eine ganz, ganz tolle Sache\u201c, betonte Norbert Ostermann vom Spielmannszug Hasel\u00fcnne-West . \u201eWir werden so eine Aktion mit Sicherheit noch einmal durchf\u00fchren\u201c, lie\u00dfen die Musiker durchklingen.<\/p>\n<\/div>\n<\/div>\n<p style=\"text-align: center;\"><strong>Den kompletten Artikel und weitere Informationen finden Sie <a href=\"http:\/\/www.noz.de\/lokales\/haseluenne\/artikel\/601261\/haselunner-musiker-spenden-2000-euro-an-die-tafel\">hier<\/a>.<\/strong><\/p>\n<p style=\"text-align: center;\">Quelle: Meppener Tagespost<\/p>\n<p>Artikel aus der Meppener Tagespost vom 15.05.2015:<\/p>\n<h2><span style=\"text-decoration: underline;\"><strong><span style=\"font-size: medium;\">\u201eHasel\u00fcnner Tafelmusik\u201c f\u00fcr einen guten Zweck<\/span><\/strong><\/span><\/h2>\n<p><strong>Gemeinsam veranstalteten die Burgmannskapelle \u201eAlt-Hasel\u00fcnne\u201c, deren Vororchester und der Spielmannszug Hasel\u00fcnne West das Benefizkonzert \u201eHasel\u00fcnner Tafelmusik\u201c zugunsten der Hasel\u00fcnner Tafel.<\/strong><\/p>\n<p><strong><a href=\"https:\/\/www.burgmannskapelle-haseluenne.de\/wp-content\/uploads\/2013\/10\/has-benefizkonzert_full.jpg\"><img decoding=\"async\" loading=\"lazy\" class=\"alignleft size-full wp-image-855\" title=\"has-benefizkonzert_full\" src=\"https:\/\/www.burgmannskapelle-haseluenne.de\/wp-content\/uploads\/2013\/10\/has-benefizkonzert_full.jpg\" alt=\"\" width=\"404\" height=\"262\" \/><\/a><\/strong><\/p>\n<p>Die Entwicklung dieser Idee hat eine etwa einj\u00e4hrige Vorgeschichte. Im Rahmen der im letzten Sommer weit verbreiteten \u201eCold Water Challenge\u201c wurde die Burgmannskapelle vom Spielmannszug Hasel\u00fcnne West nominiert. Diese Herausforderung nahmen die Musiker an und sind sprichw\u00f6rtlich mit Pauken und Trompeten in das Schwimmbecken des Hasel\u00fcnner Freibades einmarschiert. Die Mitglieder des Spielmannszuges Hasel\u00fcnne West hingegen haben die Waschanlage eines Auto Wasch- und Pflegecenters hautnah getestet.<\/p>\n<p>Da aber der eigentliche Hintergrund der \u201eCold Water Challenge\u201c ein paralleles Engagement f\u00fcr einen gemeinn\u00fctzigen Zweck ist, haben sich die Aktiven beider Musikgruppen auf ein Benefizkonzert zugunsten der Hasel\u00fcnner Tafel geeinigt. Austragungsort dieses Konzerts war das Haus der Gemeinschaft in Hasel\u00fcnne Stadtmark Siedlung.<\/p>\n<p>Zun\u00e4chst zogen beide Musikkapellen durch die Stra\u00dfen der Stadtmark-Siedlung, um dann vor dem Haus der Gemeinschaft zu musizieren. Ein buntes Kinder- und Familienprogramm mit Kaffeetafel und Imbissst\u00e4nden lud zum Verweilen ein.<\/p>\n<p>Die Burgmannskapelle \u201eAlt-Hasel\u00fcnne\u201c er\u00f6ffnete unter der Leitung von Ren\u00e8 Esser das Konzert. Der Spielmannszug Hasel\u00fcnne West gab unter der Leitung von Dirk Schnieders H\u00f6hepunkte ihres Repertoires zum Besten.<\/p>\n<p>Danach folgte eine Einlage des Vororchesters der Burgmannskapelle unter der Leitung von Wilfried Peters und zwei gemeinsame St\u00fccke mit der Burgmannskapelle.<\/p>\n<p>Kurt K\u00fcpker von der Hasel\u00fcnner Tafel informierte \u00fcber die T\u00e4tigkeit der ehrenamtlichen Helfer. \u201eW\u00f6chentlich kommen etwa sechzig bis siebzig Kunden zu uns\u201c, erkl\u00e4rt K\u00fcpker. \u201eDadurch versorgen wir in etwa 150 Personen\u201c, f\u00fcgt er hinzu.<\/p>\n<p style=\"text-align: center;\"><strong>Den kompletten Artikel und weitere Informationen finden Sie <a href=\"http:\/\/www.noz.de\/lokales\/herzlake\/artikel\/575633\/haselunner-tafelmusik-fur-einen-guten-zweck#gallery&amp;0&amp;0&amp;575633\">hier<\/a>.<\/strong><\/p>\n<p style=\"text-align: center;\">Quelle: Meppener Tagespost<\/p>\n<p>&nbsp;<\/p>\n<p>Artikel aus der Meppener Tagespost vom 12.10.2014:<\/p>\n<h2><span style=\"text-decoration: underline;\"><strong><span style=\"font-size: medium;\">Spa\u00df beim 1. Original Hasel\u00fcnner Oktoberfest<\/span><\/strong><\/span><\/h2>\n<p><strong>Das Oktoberfest ist l\u00e4ngst kein bayerisches Ph\u00e4nomen mehr, auch in der Hasel\u00fcnner Stadthalle sind von Samstagabend bis in den Sonntagmorgen die Ma\u00dfkr\u00fcge gestemmt worden. Das 1. Originale Hasel\u00fcnner Oktoberfest lockte rund 650 G\u00e4ste nicht nur aus dem Emsland in die blau-wei\u00df gewandete Stadthalle. <\/strong><\/p>\n<p><img decoding=\"async\" loading=\"lazy\" class=\"alignleft\" src=\"http:\/\/www.noz.de\/media\/2014\/10\/12\/oktober-16-burgmannskapelle-mal-anders_full.jpg\" alt=\"Dirigent Ren\u00e9 Esser und die Musiker der Burgmannskapelle waren im Bayernlook. Nach drei Stunden Stimmungsmusik gab Esser f\u00fcr seine Truppe das Signal: \u201eGenug gespielt, Ihr k\u00f6nnt jetzt Party machen!\u201c Foto: Helmut Diers\" width=\"445\" height=\"250\" \/>\u201eF\u00fcr das erste Mal ist das Fest hier sehr gut besucht\u201c, zog Steffen Freese, Gesch\u00e4ftsf\u00fchrer des Veranstalters \u201eWeser-Ems-Events\u201c aus L\u00f6ningen ein zufriedenes Fazit. F\u00fcr den S\u00fcdoldenburger war das Oktoberfest in der Stadthalle das erste gro\u00dfe Event seiner beruflichen Selbstst\u00e4ndigkeit als Veranstalter. Wenn Freese auch zufrieden war, die Stadthalle k\u00f6nnte bei einer zweiten Oktoberfestauflage durchaus mehr bayrisches Dekorationsmaterial vertragen.<\/p>\n<p>Als der zu jeder Oktoberfester\u00f6ffnung geh\u00f6rende Fassanstich erfolgte, hatte die Burgmannskapelle l\u00e4ngst die Besucher in erste Hochstimmung versetzt. Das anfangs fehlende Holzfass stach unter Jubelges\u00e4ngen B\u00fcrgermeister Werner Schr\u00e4er mit nur einem einzigen Hammerschlag und ohne sch\u00e4umende Biergischt an. \u201eO\u00b4zapft is\u201c, zitierte er nach seinem Meisterst\u00fcck den ehemaligen M\u00fcnchener Oberb\u00fcrgermeister (1948 \u2013 1960) Thomas Wimmer, auf den der abertausende Menschen in Verz\u00fcckung setzende Ausruf zur Er\u00f6ffnung des M\u00fcnchener Oktoberfestes zur\u00fcckgeht.<\/p>\n<p>Anja und Katrin, eine ehemalige Hasel\u00fcnnerin, die eigens aus Sustrum-Moor den Weg in die Stadthalle gefunden hatten, waren hellauf begeistert. \u201eHier herrscht schon nach kurzer Zeit eine tolle Stimmung\u201c. Mama Tanja und Tochter Aisha aus L\u00f6ningen konnten das nur zu gern best\u00e4tigen. Da wunderte es auch niemanden, dass Hasel\u00fcnnes Rathauschef beim Blick in die Halle und auf die G\u00e4ste feststellte: \u201eDie Madels san fesch, die Buam knackig\u201c.<\/p>\n<p style=\"text-align: center;\"><strong>Den kompletten Artikel und weitere Informationen finden Sie <a href=\"http:\/\/www.noz.de\/lokales\/haseluenne\/artikel\/513581\/spass-beim-1-original-haselunner-oktoberfest#\">hier<\/a>.<\/strong><\/p>\n<p style=\"text-align: center;\">Quelle: Meppener Tagespost<\/p>\n<p>&nbsp;<\/p>\n<p>Artikel aus der Meppener Tagespost vom 06.10.2013:<\/p>\n<h1><strong><span style=\"text-decoration: underline;\"><span style=\"font-size: medium;\">Burgmannskapelle Hasel\u00fcnne mit Saison zufrieden<\/span><\/span><\/strong><a href=\"https:\/\/www.burgmannskapelle-haseluenne.de\/wp-content\/uploads\/2013\/10\/burgmannskapelle_oktoberfest2013.jpg\"><img decoding=\"async\" loading=\"lazy\" class=\"alignright size-full wp-image-704\" title=\"burgmannskapelle_oktoberfest2013\" src=\"https:\/\/www.burgmannskapelle-haseluenne.de\/wp-content\/uploads\/2013\/10\/burgmannskapelle_oktoberfest2013.jpg\" alt=\"\" width=\"298\" height=\"178\" \/><\/a><\/h1>\n<p>So langsam geht die Saison f\u00fcr die Hasel\u00fcnner Burgmannskapelle zu Ende. Das ist der richtige Zeitpunkt f\u00fcr ein erstes Fazit.<\/p>\n<p>Mit dem ersten Hasel\u00fcnner Oktoberfest hat auch die Burgmannskapelle \u201eAlt Hasel\u00fcnne\u201c ihren Veranstaltungskalender so gut wie abgearbeitet. Bei dieser Veranstaltung konnte das Orchester wieder einmal seine Vielseitigkeit beweisen und hat mit seinem breiten Repertoire an Stimmungsst\u00fccken einen entscheidenden Beitrag zum Gelingen des Festes geleistet. Mit der Teilnahme am Festumzug des Bremer Freimarktes steht am 26. Oktober noch ein letztes Highlight auf dem Programm der Musikanten.<\/p>\n<p>2013 war ein gutes Jahr f\u00fcr das Hasel\u00fcnner Blasorchester. Angefangen hat die Saison mit einem Auftritt zum Empfang des damaligen Ministerpr\u00e4sidenten David McAllister in der Stadthalle. Es folgten Auftritte auf diversen Sch\u00fctzen- und Volksfesten in der Region. Der Auftritt in Bremen bildet den Abschluss einer langen und erfolgreichen Saison.<\/p>\n<p style=\"text-align: center;\"><strong>Den kompletten Artikel und weitere Informationen finden Sie <a href=\"http:\/\/www.noz.de\/lokales\/haseluenne\/artikel\/418275\/burgmannskapelle-haselunne-mit-saison-zufrieden\">hier<\/a>.<\/strong><\/p>\n<p style=\"text-align: center;\">Quelle: Meppener Tagespost<\/p>\n","protected":false},"excerpt":{"rendered":"<p>Artikel aus dem Hasel\u00fcnner Stadtgespr\u00e4ch vom 13.11.2018 BitteHIER klicken!!! &nbsp; &nbsp; Artikel aus der Meppener Tagespost vom 30.07.2015: Hasel\u00fcnner Musiker spenden 2000 Euro an die Tafel Die Hasel\u00fcnner Tafel mit Sitz am Industrieweg im Industriegebiet Hammer Tannen hat von der Burgmannskapelle Alt-Hasel\u00fcnne und dem Spielmannszug Hasel\u00fcnne-West eine Spende von 2000 Euro erhalten. \u201eDas Geld k\u00f6nnen &hellip; <\/p>\n<p><a class=\"more-link btn\" href=\"https:\/\/www.burgmannskapelle-haseluenne.de\/?page_id=699\">Weiterlesen<\/a><\/p>\n","protected":false},"author":1,"featured_media":0,"parent":0,"menu_order":0,"comment_status":"closed","ping_status":"closed","template":"","meta":{"ngg_post_thumbnail":0},"_links":{"self":[{"href":"https:\/\/www.burgmannskapelle-haseluenne.de\/index.php?rest_route=\/wp\/v2\/pages\/699"}],"collection":[{"href":"https:\/\/www.burgmannskapelle-haseluenne.de\/index.php?rest_route=\/wp\/v2\/pages"}],"about":[{"href":"https:\/\/www.burgmannskapelle-haseluenne.de\/index.php?rest_route=\/wp\/v2\/types\/page"}],"author":[{"embeddable":true,"href":"https:\/\/www.burgmannskapelle-haseluenne.de\/index.php?rest_route=\/wp\/v2\/users\/1"}],"replies":[{"embeddable":true,"href":"https:\/\/www.burgmannskapelle-haseluenne.de\/index.php?rest_route=%2Fwp%2Fv2%2Fcomments&post=699"}],"version-history":[{"count":17,"href":"https:\/\/www.burgmannskapelle-haseluenne.de\/index.php?rest_route=\/wp\/v2\/pages\/699\/revisions"}],"predecessor-version":[{"id":703,"href":"https:\/\/www.burgmannskapelle-haseluenne.de\/index.php?rest_route=\/wp\/v2\/pages\/699\/revisions\/703"}],"wp:attachment":[{"href":"https:\/\/www.burgmannskapelle-haseluenne.de\/index.php?rest_route=%2Fwp%2Fv2%2Fmedia&parent=699"}],"curies":[{"name":"wp","href":"https:\/\/api.w.org\/{rel}","templated":true}]}}